i and h.
25
Suppose 12*n - 8*n + 2*g = 202, 3*g = 3*n - 147. Let x be (5*10/n)/((-1)/(-68)). Calculate the greatest common divisor of x and 51.
17
Let u(r) = r**3 + 37*r**2 - 14*r + 146. Let a be u(-37). Let x = a - 462. Calculate the highest common divisor of x and 2.
2
Let v = -385 + 1210. Suppose 144*x - 12870 = -246*x. What is the highest common divisor of v and x?
33
Let l(x) = 5*x**2 + 5*x - 6. Let g be l(1). Let q be 58*9/(-45)*(-50)/g. Let n be q + 1/(2 - -2 - 5). What is the greatest common divisor of 18 and n?
18
Let w be 80 - (-2 - (-2 - 2)). Let d be 4/54 - (-219700)/351. Let a = -620 + d. What is the greatest common factor of a and w?
6
Let d be (-16)/72 + (-1)/(9/79). Let o(r) = r**2 + 11*r + 8. Let f be o(d). Let i(z) = -5*z - 18. Let w be i(f). What is the highest common factor of w and 8?
8
Let w be (171 - 164) + (-2)/(-8) + (-13929)/(-12). Calculate the greatest common divisor of w and 10804.
292
Suppose 13701 = 125*i - 35174. What is the greatest common divisor of 23 and i?
23
Let s = 40 - 34. Let x be s + -5 - (13 - 1 - 1). Let c be x/4 + 2 + (-41)/(-2). What is the greatest common divisor of 5 and c?
5
Suppose -5*w = -3*n - 405, -62*n = -57*n + 25. What is the highest common divisor of w and 3900?
78
Suppose -162 = 19*t + 180. Let n(v) = -2*v + 117. Let w be n(t). What is the greatest common factor of 17 and w?
17
Let f(g) = 3*g + 1. Let x(k) = 2*k. Suppose 0 = -l + 2*l - 6. Let r(a) = l*x(a) - 5*f(a). Let n be r(-2). What is the highest common divisor of 4 and n?
1
Suppose 3*h = -40*h + 35465 + 60640. What is the greatest common factor of 15 and h?
15
Suppose -j = -9 + 39. Let z = -6 - j. Let c = -146592 - -146640. Calculate the highest common divisor of c and z.
24
Let k = 122 - 138. Let g(c) = -9*c - 36. Let y be g(k). Calculate the highest common divisor of 81 and y.
27
Suppose 0 = -f + c + 4966, -f + 5*c + 4236 = -746. What is the highest common divisor of f and 6?
6
Suppose 2*c + 229 = -b + 2, 3*c = -4*b - 348. Let i = 113 + c. Suppose -x - 2*v + 17 = 0, -2*x + v + 35 = i. Calculate the greatest common factor of 85 and x.
17
Let r(u) = 13*u - 12. Let i(j) = -24*j + 27. Let v(g) = 6*i(g) + 13*r(g). Let k be v(3). Calculate the highest common factor of 3 and k.
3
Suppose -c + 3*p - 2 = -25, -105 = -4*c - p. Calculate the greatest common divisor of 77038 and c.
26
Suppose 26*o - 653 - 803 = 0. Suppose -2*d = 2*q - 28 - 6, -2*q + 27 = -5*d. Calculate the greatest common divisor of o and q.
8
Let h be 1/10 + 120669/(-290). Let c = h + 426. What is the highest common divisor of c and 320?
10
Let n be 2754/15 + -2 + (-42)/(-105). What is the highest common divisor of 65 and n?
13
Let r = 1555 + -773. Let f be (198/165)/((-6)/(-170)). Calculate the greatest common divisor of r and f.
34
Let y(k) = 4*k**2 + 11*k - 1. Let w be y(-3). Suppose 0*q + 4*q = 3*j - 386, -q - w = 0. Let x = -25 + 43. What is the greatest common divisor of x and j?
18
Let k(h) = 5*h**2 + h + 5. Let p be k(4). Suppose 3*b - p = -2*f, 3*f = 2*b - 0*f - 55. Suppose b - 9 = l. Calculate the greatest common divisor of l and 8.
4
Let q(v) = v**2 - 18*v + 35. Let w be 300/15 + -2 + 1. Let x be q(w). Let m be (x/(-36))/((-1)/(-2) + -2). Calculate the greatest common factor of 12 and m.
1
Let d = -1282 + 1357. Let m = 9 - -6. Calculate the greatest common divisor of m and d.
15
Suppose -24 = -p - 0*p. Let t be 5/20 + 183/(-12). Let u be 18/t*(3 + (-89)/3). Calculate the greatest common divisor of p and u.
8
Let f = 87 - 42. Let i(y) = y**3 - 205*y**2 - 850*y + 2980. Let h be i(209). Calculate the greatest common factor of f and h.
9
Let p be 30 + -29 + ((-1)/(-2))/(6/14184). What is the greatest common divisor of 4901 and p?
169
Let x(k) = k + 90. Let u be x(0). Let q(h) = h**2 - 6*h - 92. Let j be q(-7). Let c be (-6)/12*-38 - (0 - j). Calculate the highest common factor of c and u.
18
Suppose 5*i - 533 = -4*h - 6, -3*h + i = -400. Suppose 5*r = w + 665, r = 2*r - 2*w - h. Let n = -37 - -56. Calculate the greatest common factor of r and n.
19
Suppose 3*r = s - 440, -2*s - 2*s + 1749 = -r. Let k(t) = t**2 + 20*t + 122. Let z be k(-11). What is the greatest common divisor of s and z?
23
Suppose -5*m - 130 = -3*h, 2*h - 2*m - 42 = h. What is the highest common factor of h and 110?
10
Let o(y) be the first derivative of y**3/3 - 10*y**2 + 103*y + 25. Let t be o(15). What is the greatest common factor of 56 and t?
28
Suppose -31*g + 24 = -29*g. Suppose 35 + 13 = -g*n. Let o be (70/25)/(n/(-10)). Calculate the highest common divisor of 35 and o.
7
Let i(b) = 40*b**2 + 9*b - 43. Let p be i(-9). Calculate the greatest common divisor of p and 228.
76
Let f = -11159 - -11302. Calculate the highest common divisor of 910 and f.
13
Let j = -581 + 593. Let m be 2*1/(6/27). Let q(k) = k**3 - 9*k**2 + 2*k - 6. Let a be q(m). Calculate the highest common factor of j and a.
12
Let u(g) = 204*g - 1523. Let o be u(10). What is the greatest common factor of 1363 and o?
47
Suppose 5*d = 5*w, 4*w = -3*d - d - 32. Let g be (-1)/(38/10 + w). Suppose 0 = 43*f - 45*f + 230. Calculate the greatest common factor of f and g.
5
Let b(g) = -45*g**2 - 19*g + 9. Let v be b(8). Let i = -1866 - v. Suppose -1924 = -4*r - r - c, -2*c - i = -3*r. What is the greatest common factor of 35 and r?
35
Suppose -6*m = -70*m + 585 + 3895. Let d = 122 + -32. Calculate the greatest common divisor of m and d.
10
Suppose -372 = -6*u - 198. Suppose -3*p = 12, -3*n = n + 3*p + 28. Let f be (319/(-44))/(1/n). What is the highest common factor of f and u?
29
Suppose 4*l - 50*l = -101660. Let k be l/68 + 1/(-2)*1. Calculate the greatest common divisor of 112 and k.
16
Let r(a) = 199*a + 5385. Let u be r(-27). Suppose 0 = 2*j + 2*j - 36. Calculate the highest common divisor of u and j.
3
Suppose -4*x - z = 109, -96 = 5*x - 3*z + 36. Let g = -96 - x. Let o be ((-32)/5)/(g/(-15) - 5). Calculate the highest common factor of 16 and o.
16
Let l(m) = m**3 + 21*m**2 + 17*m + 372. Let b be l(-10). What is the greatest common divisor of b and 147?
21
Suppose -178*l = -174*l - 5*s - 3732, 2799 = 3*l + 2*s. What is the greatest common divisor of 16483 and l?
311
Let z(w) = -12*w - 27. Let l be z(-2). Let c be (-27)/9 - (l*2 - -1). Calculate the greatest common divisor of c and 7.
1
Suppose -2*s + 528 + 111 = f, 3*s + 5*f - 976 = 0. Suppose 107 = -6*r + s. Calculate the highest common factor of 5 and r.
5
Let b(j) = -304*j - 3091. Let p be b(-11). Calculate the highest common factor of p and 330.
11
Let n = 9129 - 9014. Calculate the highest common factor of n and 40.
5
Suppose 18*c = 24*c - 1674. Let i = -198 + c. What is the highest common divisor of i and 18?
9
Let n = -49 + 64. Let p(z) = z**2 - 16*z + 12. Let d(a) = 1. Let i(w) = 3*d(w) - p(w). Let h be i(n). Calculate the greatest common divisor of h and 2.
2
Let z(l) = l**2 - 16*l + 13. Let c be z(-10). Suppose -c = 4*a + 1295. Let u be (-1)/(-3 + a/(-132)). What is the greatest common divisor of 3 and u?
3
Suppose 30*b = -5832 + 160332. Calculate the highest common factor of b and 50.
50
Let c = 1904 - 1888. What is the highest common divisor of 80 and c?
16
Let p(b) = -23*b - 294. Let a be p(12). Let h = -284 - a. What is the greatest common divisor of 13 and h?
13
Let u = 147 + -173. Let a(y) = 2*y + 63. Let h be a(u). Let i(k) = -3*k - 11. Let f be i(-11). Calculate the highest common factor of f and h.
11
Suppose 5*y - 217 = 4*n, -2*y + 71 = -n - 14. What is the greatest common divisor of y and 3075?
41
Let q = 990 - 483. What is the highest common factor of 429 and q?
39
Let q be 12*20187/216 + 1/(-2). What is the highest common factor of q and 38?
19
Suppose 66489 = 14*o + 57963. What is the highest common divisor of o and 87?
87
Suppose -12*k - 63*k - 60786 = -498861. Calculate the highest common factor of k and 198.
99
Let n(u) be the first derivative of 2*u**3 + 9*u**2/2 - 31*u - 126. Let z be n(3). Calculate the highest common divisor of z and 210.
10
Let i(g) = -2*g**2 - 391*g - 5069. Let s be i(-14). Suppose 78 + 13 = -h. Let y = h + 195. What is the highest common divisor of s and y?
13
Let h(r) = r**3 + 33*r**2 - 145*r + 115. Let f be h(-37). Calculate the greatest common factor of f and 110.
2
Suppose 23*o + 0*o + 863 - 4911 = 0. Let d = 0 - -66. Wh